 - 732 = r. List the prime factors of d.
3, 83
Suppose -14*m + 152 = -12*m. Suppose m - 1872 = -4*c. What are the prime factors of c?
449
Let y(u) = 1049*u - 222. List the prime factors of y(6).
2, 3, 11, 23
Suppose 137*s + 1064675 - 2043439 = 7149309. What are the prime factors of s?
79, 751
Suppose 10 = -2*v + 7*v, -3*l - v + 8 = 0. Let t be 5 - l - 2 - 16. What are the prime factors of ((t/(-6))/(-5) - -1)*176?
2, 11
Let p(a) = 250*a**2 - 8*a + 129. List the prime factors of p(-8).
16193
Let i = 143 + -145. What are the prime factors of (-3 - -1)/(i/652)?
2, 163
Suppose -10*s - 380 = -5*s. List the prime factors of (-22*s/(-24) - -4)*-12.
2, 197
Let v be (-2 + 36)/((-9)/3 - -2). Let y = 91 + v. What are the prime factors of y?
3, 19
Let x be 10/60 + (-525)/18. Let w(l) = 2*l**2 + 23*l + 140. List the prime factors of w(x).
3, 5, 7, 11
Let l(v) = -40*v**2 + v - 2. Let p(w) = w - 1. Let r be p(3). Let u be l(r). List the prime factors of 12/((-2)/(u/12)).
2, 5
Let o = -1260 + 3082. What are the prime factors of o?
2, 911
Let h = -4530 - -40099. List the prime factors of h.
35569
List the prime factors of 5388544/67 - 384/12864.
2, 40213
Let p = 26 - 23. Suppose 4*x - 3*w + p = -1, -2*x + 8 = w. What are the prime factors of (((-9)/x)/3)/(1/(-46))?
3, 23
Let o = 825 + -207. Suppose -90 = 4*b - o. List the prime factors of b.
2, 3, 11
Suppose 0 = -4*o - 14 + 6. Let x be o/(-6) - 100/(-15). Suppose -6 = -x*d + 6*d. What are the prime factors of d?
2, 3
Let f = 62 + -63. List the prime factors of -8 + 4 - -3 - f - -8.
2
Let o(j) = 1377*j - 326. List the prime factors of o(10).
2, 3361
Suppose 0 = -4*f + 24, -4*u + 2*f + 109225 = -8195. List the prime factors of u.
2, 3, 7, 233
Let r = 18676 + -17575. What are the prime factors of r?
3, 367
Let j = 107 - 24. Let u = j - 3. What are the prime factors of u?
2, 5
List the prime factors of 4/(-54)*-3 + -18 + 1031030/126.
5, 23, 71
Suppose 23*t - 11*t - 4411 - 4805 = 0. What are the prime factors of t?
2, 3
Let h = -4968 - -9490. What are the prime factors of h?
2, 7, 17, 19
Suppose 4*h - 81991 + 7204 = -5*y, h - 18699 = y. What are the prime factors of h?
2, 9349
Let r = 5934 - 2214. List the prime factors of r.
2, 3, 5, 31
Let m = 53049 + -3524. What are the prime factors of m?
5, 7, 283
Let q be ((-1538)/(-3))/(22/(-33)). Let g = -137 - q. What are the prime factors of g?
2, 79
Let x(c) = 2*c**3 - 3*c - 2. Let b be x(-1). Let n be 55/5 + b*1. Suppose 43 = 2*q + o + 3, 0 = 5*o - n. List the prime factors of q.
19
Suppose -u - 8*u = -18. Suppose -u*i + g - 631 = -7*i, 4*g = -16. What are the prime factors of i?
127
List the prime factors of (-10534440)/(-770) - 2/22.
13681
Let r = -6 + 9. Let t(q) = -q**2 - 4*q + 0 + 6*q + 1 - 2*q**r. List the prime factors of t(-3).
2, 5
Suppose -k + 4155 = 2*o - 6*k, -5*o + 2*k + 10419 = 0. Suppose -8*l = 7*l - o. What are the prime factors of l?
139
Let r = -364 - -378. Let u = r + -5. List the prime factors of u.
3
Suppose -270510 = -39*h + 14307. List the prime factors of h.
67, 109
Let w(v) = -2*v**3 - 7*v**2 - 13*v + 4. Let m be w(10). Let g = 3971 + m. List the prime factors of g.
5, 229
Suppose 5*n + 15 - 340 = 0. Suppose -5 = 8*y - 21. What are the prime factors of (n + 1)/y + 1?
2, 17
Let k be (0 - 0)*(-3)/6. Suppose k = 6*o - 5*o - 1. List the prime factors of 56/8*(o + 6).
7
Suppose -242*k = -145*k - 5717762. What are the prime factors of k?
2, 29473
Let h(r) = r**3 + 9*r**2 + 9*r - 3. Let f be h(4). Let v = 40 + f. List the prime factors of v.
281
Let v be 10/(3 + 0 - (-8)/(-3)). Suppose -v = 2*b + 3*b. Let a(q) = -q**3 - q**2 - 14. What are the prime factors of a(b)?
2, 83
Let m(i) = -181*i + 1. Let n be m(-1). Let x = 386 - n. Suppose 209 - 55 = 3*u + 4*p, -5*p = 4*u - x. List the prime factors of u.
2, 23
Let y(i) = -39*i - 85. Let p be y(-17). Let h = p + -376. List the prime factors of h.
2, 101
Let n(o) = 5*o - 1. Let i be (0 - -139)/(-6 - -12 - 5). Let a = i + -134. What are the prime factors of n(a)?
2, 3
Suppose 19894 = -11*h + 1337. What are the prime factors of ((-6)/(-7))/((-1)/h)?
2, 3, 241
Suppose 4435 - 677 = 2*c - 4*v, -4*c - v = -7498. Suppose -2*q = 5*a - c, a - 5*a = 4*q - 3780. List the prime factors of q.
2, 5, 19
Let w = 141 - 109. Let t = 271 - w. What are the prime factors of t?
239
Let u = -714 + 716. Suppose -4*z - 7*o + 2*o + 8197 = 0, 5*z = u*o + 10271. What are the prime factors of z?
2053
Let u = 16 - 25. Let f be (u/21)/(4/(-28)). Suppose -5*k - f*y = -416, 0*y + 6 = -2*y. List the prime factors of k.
5, 17
Let z(v) = -v**3 - 9*v**2 + 14*v + 18. Let b be z(-11). Let s = -10 - b. What are the prime factors of (s/(-6))/(6/45)?
5, 29
Let c(a) = 242*a + 2054. What are the prime factors of c(-6)?
2, 7, 43
Suppose 0 = 35*s - 554187 - 384163. List the prime factors of s.
2, 5, 7, 383
Let p(y) = -y**3 - 16*y**2 + 10*y - 6. Let x be p(-17). Suppose -84 = -t + i, 0 = 2*t - i - 89 - 76. Let m = x - t. What are the prime factors of m?
2
Let q(r) = r**2 - 14*r + 10. Let d be ((-291)/(-7))/3 - (-3)/21. Let h be q(d). List the prime factors of h/(-3)*(-576)/15*1.
2
Suppose -3*m + 2133 = w - 12919, -w = -4*m + 20060. List the prime factors of m.
2, 3, 11, 19
Let k(r) = -r**3 - r + 5. Suppose 4*y - 5*y = 0. Let n be k(y). Suppose n*s + 125 = 6*s. What are the prime factors of s?
5
Let v = -175 - 283. Let c(p) = -p**3 + 11*p**2 + 16*p + 7. Let i be c(15). Let s = v - i. List the prime factors of s.
3, 5, 13
Let q(l) = l**3 - 202*l + 5. List the prime factors of q(24).
7, 1283
Let r(j) = j - 20. Let v be r(26). What are the prime factors of (7848/6 - v) + -5*1?
1297
What are the prime factors of 22398 + (-3)/(9 - (-60)/(-8))?
2, 11, 509
Let d(m) = m**2 - 3*m - 8. Let x be d(-8). Suppose x = -4*w - 72. List the prime factors of (-1 - 3) + (-1 - w).
3, 11
Let y be 2/(-12) + 43/18*3. Suppose 2*k = 5*h - 778, -3*h + 2*k + 442 = y*k. What are the prime factors of h?
2, 7, 11
Let x(i) = -8*i - 14 - 126*i + 41*i - 124*i. List the prime factors of x(-1).
7, 29
Let j = -57 - -68. Suppose j*k - 10*k = -75. Let h = 98 + k. What are the prime factors of h?
23
Let i = -460 - -457. What are the prime factors of (-2460)/i + -11 + 2?
811
Suppose -3*v + 123332 = 723*j - 719*j, 0 = -v - 2*j + 41108. List the prime factors of v.
2, 19, 541
Let n(c) = -c**3 + 3*c**2 + 14*c - 4. Let g be n(-3). Suppose -q = -5*a + 2711, q + g = 12. What are the prime factors of a?
3, 181
Suppose 3*b - 3*t = 1299, 1295 = -32*b + 35*b + t. Suppose -16*k + 333 = 3*x - 19*k, -4*x - 2*k + b = 0. List the prime factors of x.
109
Let h(j) = -1463*j - 9923. List the prime factors of h(-18).
16411
Let w = 101780 + -62319. List the prime factors of w.
39461
Let i be 10*-1 + -3 + 3. Let d be (1 - 2908/i) + (-2)/(-10). Suppose c = 2*s - c - d, s = 5*c + 158. List the prime factors of s.
11, 13
Suppose 4*g + 8*x - 40 = 7*x, 20 = 5*x. List the prime factors of 3890/90 + (-2)/g.
43
Let a be (0 + 0)*5/15. Suppose u - 1973 = -4*b, a = b - 0*b + 2*u - 488. What are the prime factors of b?
2, 13, 19
Let w(i) = 17*i**3 - 3*i**2 + 5*i - 59. List the prime factors of w(12).
5, 7, 827
Suppose -4*n = -4*z - 191796, 7*n - 2*z - 6026 = 329647. List the prime factors of n.
3, 5, 23, 139
Let d be (-1 - -1)/(-3 - -1). Let r(m) = -10*m + 72. What are the prime factors of r(d)?
2, 3
Let r(c) = -c. Let n(h) = 74*h - 53. Let l(x) = -n(x) - 5*r(x). List the prime factors of l(-5).
2, 199
Suppose 96520 + 357817 = 53*u - 931454. List the prime factors of u.
11, 2377
Suppose 0 = -12*r - 499 - 1397. Let y = 169 - r. What are the prime factors of y?
3, 109
Suppose -2*j + 0*j - 4*j = 0. Suppose j = -11*x + 13*x - 396. What are the prime factors of x?
2, 3, 11
Let a be 3 + 1/(5/480). Let f = a - 215. Let t = f + 342. List the prime factors of t.
2, 113
Let w = 6306 + 220. List the prime factors of w.
2, 13, 251
List the prime factors of (4 + (-12)/9)/(7/63966).
2, 1523
Let y(t) = 733*t + 37. Let m be y(7). Suppose 15*f = -f + m. List the prime factors of f.
17, 19
Suppose 175*n - 390095 = -38520. What are the prime factors of n?
7, 41
Let w(z) = -3*z - 32. Let k be w(-13). What are the prime factors of 9705/21 - (3 - 20/k)?
2, 3, 7, 11
Suppose 3*l - 12 = 3*x, -3*x - 3 = 5*l - 7. Suppose 3*k - 1373 = l*d, 5*k - 2271